{"id":867,"date":"2021-12-05T15:07:29","date_gmt":"2021-12-05T15:07:29","guid":{"rendered":"https:\/\/www.basketsavonlinna.fi\/?page_id=867"},"modified":"2025-08-06T10:03:18","modified_gmt":"2025-08-06T10:03:18","slug":"harrastekoris","status":"publish","type":"page","link":"https:\/\/www.basketsavonlinna.fi\/?page_id=867","title":{"rendered":"Harrastekoris"},"content":{"rendered":"\t\t<div data-elementor-type=\"wp-page\" data-elementor-id=\"867\" class=\"elementor elementor-867\">\n\t\t\t\t\t\t<section class=\"elementor-section elementor-top-section elementor-element elementor-element-10756fc elementor-section-boxed elementor-section-height-default elementor-section-height-default\" data-id=\"10756fc\" data-element_type=\"section\" data-e-type=\"section\">\n\t\t\t\t\t\t<div class=\"elementor-container elementor-column-gap-default\">\n\t\t\t\t\t<div class=\"elementor-column elementor-col-100 elementor-top-column elementor-element elementor-element-8db0d2d\" data-id=\"8db0d2d\" data-element_type=\"column\" data-e-type=\"column\">\n\t\t\t<div class=\"elementor-widget-wrap elementor-element-populated\">\n\t\t\t\t\t\t<div class=\"elementor-element elementor-element-1e88db7 elementor-widget elementor-widget-heading\" data-id=\"1e88db7\" data-element_type=\"widget\" data-e-type=\"widget\" data-widget_type=\"heading.default\">\n\t\t\t\t<div class=\"elementor-widget-container\">\n\t\t\t\t\t<h2 class=\"elementor-heading-title elementor-size-default\">Harrastekoris aiemmin pelanneille<\/h2>\t\t\t\t<\/div>\n\t\t\t\t<\/div>\n\t\t\t\t<div class=\"elementor-element elementor-element-897d078 elementor-widget elementor-widget-image\" data-id=\"897d078\" data-element_type=\"widget\" data-e-type=\"widget\" data-widget_type=\"image.default\">\n\t\t\t\t<div class=\"elementor-widget-container\">\n\t\t\t\t\t\t\t\t\t\t\t\t\t\t\t<img decoding=\"async\" width=\"1342\" height=\"10\" src=\"https:\/\/www.basketsavonlinna.fi\/wp-content\/uploads\/2021\/12\/Raita10.jpg\" class=\"attachment-full size-full wp-image-665\" alt=\"raita10pix\" srcset=\"https:\/\/www.basketsavonlinna.fi\/wp-content\/uploads\/2021\/12\/Raita10.jpg 1342w, https:\/\/www.basketsavonlinna.fi\/wp-content\/uploads\/2021\/12\/Raita10-300x2.jpg 300w, https:\/\/www.basketsavonlinna.fi\/wp-content\/uploads\/2021\/12\/Raita10-1024x8.jpg 1024w, https:\/\/www.basketsavonlinna.fi\/wp-content\/uploads\/2021\/12\/Raita10-768x6.jpg 768w\" sizes=\"(max-width: 1342px) 100vw, 1342px\" \/>\t\t\t\t\t\t\t\t\t\t\t\t\t\t\t<\/div>\n\t\t\t\t<\/div>\n\t\t\t\t\t<\/div>\n\t\t<\/div>\n\t\t\t\t\t<\/div>\n\t\t<\/section>\n\t\t\t\t<section class=\"elementor-section elementor-top-section elementor-element elementor-element-f75b6cd elementor-section-boxed elementor-section-height-default elementor-section-height-default\" data-id=\"f75b6cd\" data-element_type=\"section\" data-e-type=\"section\">\n\t\t\t\t\t\t<div class=\"elementor-container elementor-column-gap-default\">\n\t\t\t\t\t<div class=\"elementor-column elementor-col-16 elementor-top-column elementor-element elementor-element-6a90262\" data-id=\"6a90262\" data-element_type=\"column\" data-e-type=\"column\">\n\t\t\t<div class=\"elementor-widget-wrap\">\n\t\t\t\t\t\t\t<\/div>\n\t\t<\/div>\n\t\t\t\t<div class=\"elementor-column elementor-col-66 elementor-top-column elementor-element elementor-element-91bdf81\" data-id=\"91bdf81\" data-element_type=\"column\" data-e-type=\"column\">\n\t\t\t<div class=\"elementor-widget-wrap elementor-element-populated\">\n\t\t\t\t\t\t<div class=\"elementor-element elementor-element-51ad27c elementor-widget elementor-widget-text-editor\" data-id=\"51ad27c\" data-element_type=\"widget\" data-e-type=\"widget\" data-widget_type=\"text-editor.default\">\n\t\t\t\t<div class=\"elementor-widget-container\">\n\t\t\t\t\t\t\t\t\t<h4>Tervetuloa mukaan harrastekorisvuorolle!<\/h4><p>Basket tarjoaa mahdollisuuden koriksen pelaamiseen omalla harrastevuorolla. Vuorolle ovat tervetulleita korista jo jonkin verran pelanneet i\u00e4st\u00e4, painosta ja sukupuolesta riippumatta.<\/p><p>Salivuorokulun kattamiseksi perit\u00e4\u00e4n kolmen euron maksu \/ pelaaja \/ vuoro. Vuorolla saat maksuohjeet ja kokeilemaan voit tulla ilmaiseksi.<\/p><p>Syksyn 2025 vuorot alkavat 21.8.<\/p><p>Harrastekoris (aiemmin pelanneet)<br \/><strong>Talvisalon koulu<br \/>Muurarinkatu 4 <br \/>torstaisin 19:30 &#8211; 21:00<\/strong><\/p><p>HUOM! Mahdolliset salivuorojen muutokset infotaan Basketin Facebook-sivulla, jonka l\u00f6yd\u00e4t hakemalla Facessa Basket Savonlinna.<\/p><p>Yhteyshenkil\u00f6<br \/>JP Mikkonen<br \/>jp.mikkonen(at)gmail.com,<br \/>044 065 3473<\/p>\t\t\t\t\t\t\t\t<\/div>\n\t\t\t\t<\/div>\n\t\t\t\t\t<\/div>\n\t\t<\/div>\n\t\t\t\t<div class=\"elementor-column elementor-col-16 elementor-top-column elementor-element elementor-element-5358a75\" data-id=\"5358a75\" data-element_type=\"column\" data-e-type=\"column\">\n\t\t\t<div class=\"elementor-widget-wrap\">\n\t\t\t\t\t\t\t<\/div>\n\t\t<\/div>\n\t\t\t\t\t<\/div>\n\t\t<\/section>\n\t\t\t\t<section class=\"elementor-section elementor-top-section elementor-element elementor-element-0d32d99 elementor-section-boxed elementor-section-height-default elementor-section-height-default\" data-id=\"0d32d99\" data-element_type=\"section\" data-e-type=\"section\">\n\t\t\t\t\t\t<div class=\"elementor-container elementor-column-gap-default\">\n\t\t\t\t\t<div class=\"elementor-column elementor-col-100 elementor-top-column elementor-element elementor-element-aae657e\" data-id=\"aae657e\" data-element_type=\"column\" data-e-type=\"column\">\n\t\t\t<div class=\"elementor-widget-wrap\">\n\t\t\t\t\t\t\t<\/div>\n\t\t<\/div>\n\t\t\t\t\t<\/div>\n\t\t<\/section>\n\t\t\t\t<\/div>\n\t\t","protected":false},"excerpt":{"rendered":"<p>Harrastekoris aiemmin pelanneille Tervetuloa mukaan harrastekorisvuorolle! Basket tarjoaa mahdollisuuden koriksen pelaamiseen omalla harrastevuorolla. Vuorolle ovat tervetulleita korista jo jonkin verran pelanneet i\u00e4st\u00e4, painosta ja sukupuolesta riippumatta. Salivuorokulun kattamiseksi perit\u00e4\u00e4n kolmen euron maksu \/ pelaaja \/ vuoro. Vuorolla saat maksuohjeet ja kokeilemaan voit tulla ilmaiseksi. Syksyn 2025 vuorot alkavat 21.8. Harrastekoris (aiemmin pelanneet)Talvisalon kouluMuurarinkatu 4 torstaisin [&hellip;]<\/p>\n","protected":false},"author":1,"featured_media":0,"parent":0,"menu_order":0,"comment_status":"closed","ping_status":"closed","template":"","meta":{"site-sidebar-layout":"no-sidebar","site-content-layout":"page-builder","ast-site-content-layout":"default","site-content-style":"default","site-sidebar-style":"default","ast-global-header-display":"","ast-banner-title-visibility":"","ast-main-header-display":"","ast-hfb-above-header-display":"","ast-hfb-below-header-display":"","ast-hfb-mobile-header-display":"","site-post-title":"disabled","ast-breadcrumbs-content":"","ast-featured-img":"disabled","footer-sml-layout":"","ast-disable-related-posts":"","theme-transparent-header-meta":"","adv-header-id-meta":"","stick-header-meta":"","header-above-stick-meta":"","header-main-stick-meta":"","header-below-stick-meta":"","astra-migrate-meta-layouts":"default","ast-page-background-enabled":"default","ast-page-background-meta":{"desktop":{"background-color":"","background-image":"","background-repeat":"repeat","background-position":"center center","background-size":"auto","background-attachment":"scroll","background-type":"","background-media":"","overlay-type":"","overlay-color":"","overlay-opacity":"","overlay-gradient":""},"tablet":{"background-color":"","background-image":"","background-repeat":"repeat","background-position":"center center","background-size":"auto","background-attachment":"scroll","background-type":"","background-media":"","overlay-type":"","overlay-color":"","overlay-opacity":"","overlay-gradient":""},"mobile":{"background-color":"","background-image":"","background-repeat":"repeat","background-position":"center center","background-size":"auto","background-attachment":"scroll","background-type":"","background-media":"","overlay-type":"","overlay-color":"","overlay-opacity":"","overlay-gradient":""}},"ast-content-background-meta":{"desktop":{"background-color":"var(--ast-global-color-5)","background-image":"","background-repeat":"repeat","background-position":"center center","background-size":"auto","background-attachment":"scroll","background-type":"","background-media":"","overlay-type":"","overlay-color":"","overlay-opacity":"","overlay-gradient":""},"tablet":{"background-color":"var(--ast-global-color-5)","background-image":"","background-repeat":"repeat","background-position":"center center","background-size":"auto","background-attachment":"scroll","background-type":"","background-media":"","overlay-type":"","overlay-color":"","overlay-opacity":"","overlay-gradient":""},"mobile":{"background-color":"var(--ast-global-color-5)","background-image":"","background-repeat":"repeat","background-position":"center center","background-size":"auto","background-attachment":"scroll","background-type":"","background-media":"","overlay-type":"","overlay-color":"","overlay-opacity":"","overlay-gradient":""}},"footnotes":""},"class_list":["post-867","page","type-page","status-publish","hentry"],"yoast_head":"<!-- This site is optimized with the Yoast SEO plugin v27.5 - https:\/\/yoast.com\/product\/yoast-seo-wordpress\/ -->\n<title>Harrastekoris - Basket Savonlinna<\/title>\n<meta name=\"robots\" content=\"index, follow, max-snippet:-1, max-image-preview:large, max-video-preview:-1\" \/>\n<link rel=\"canonical\" href=\"https:\/\/www.basketsavonlinna.fi\/?page_id=867\" \/>\n<meta property=\"og:locale\" content=\"fi_FI\" \/>\n<meta property=\"og:type\" content=\"article\" \/>\n<meta property=\"og:title\" content=\"Harrastekoris - Basket Savonlinna\" \/>\n<meta property=\"og:description\" content=\"Harrastekoris aiemmin pelanneille Tervetuloa mukaan harrastekorisvuorolle! Basket tarjoaa mahdollisuuden koriksen pelaamiseen omalla harrastevuorolla. Vuorolle ovat tervetulleita korista jo jonkin verran pelanneet i\u00e4st\u00e4, painosta ja sukupuolesta riippumatta. Salivuorokulun kattamiseksi perit\u00e4\u00e4n kolmen euron maksu \/ pelaaja \/ vuoro. Vuorolla saat maksuohjeet ja kokeilemaan voit tulla ilmaiseksi. Syksyn 2025 vuorot alkavat 21.8. Harrastekoris (aiemmin pelanneet)Talvisalon kouluMuurarinkatu 4 torstaisin [&hellip;]\" \/>\n<meta property=\"og:url\" content=\"https:\/\/www.basketsavonlinna.fi\/?page_id=867\" \/>\n<meta property=\"og:site_name\" content=\"Basket Savonlinna\" \/>\n<meta property=\"article:publisher\" content=\"https:\/\/www.facebook.com\/BasketSavonlinna\" \/>\n<meta property=\"article:modified_time\" content=\"2025-08-06T10:03:18+00:00\" \/>\n<meta property=\"og:image\" content=\"https:\/\/www.basketsavonlinna.fi\/wp-content\/uploads\/2021\/12\/Raita10.jpg\" \/>\n\t<meta property=\"og:image:width\" content=\"1342\" \/>\n\t<meta property=\"og:image:height\" content=\"10\" \/>\n\t<meta property=\"og:image:type\" content=\"image\/jpeg\" \/>\n<meta name=\"twitter:card\" content=\"summary_large_image\" \/>\n<meta name=\"twitter:label1\" content=\"Arvioitu lukuaika\" \/>\n\t<meta name=\"twitter:data1\" content=\"1 minuutti\" \/>\n<script type=\"application\/ld+json\" class=\"yoast-schema-graph\">{\"@context\":\"https:\\\/\\\/schema.org\",\"@graph\":[{\"@type\":\"WebPage\",\"@id\":\"https:\\\/\\\/www.basketsavonlinna.fi\\\/?page_id=867\",\"url\":\"https:\\\/\\\/www.basketsavonlinna.fi\\\/?page_id=867\",\"name\":\"Harrastekoris - Basket Savonlinna\",\"isPartOf\":{\"@id\":\"https:\\\/\\\/www.basketsavonlinna.fi\\\/#website\"},\"primaryImageOfPage\":{\"@id\":\"https:\\\/\\\/www.basketsavonlinna.fi\\\/?page_id=867#primaryimage\"},\"image\":{\"@id\":\"https:\\\/\\\/www.basketsavonlinna.fi\\\/?page_id=867#primaryimage\"},\"thumbnailUrl\":\"https:\\\/\\\/www.basketsavonlinna.fi\\\/wp-content\\\/uploads\\\/2021\\\/12\\\/Raita10.jpg\",\"datePublished\":\"2021-12-05T15:07:29+00:00\",\"dateModified\":\"2025-08-06T10:03:18+00:00\",\"breadcrumb\":{\"@id\":\"https:\\\/\\\/www.basketsavonlinna.fi\\\/?page_id=867#breadcrumb\"},\"inLanguage\":\"fi\",\"potentialAction\":[{\"@type\":\"ReadAction\",\"target\":[\"https:\\\/\\\/www.basketsavonlinna.fi\\\/?page_id=867\"]}]},{\"@type\":\"ImageObject\",\"inLanguage\":\"fi\",\"@id\":\"https:\\\/\\\/www.basketsavonlinna.fi\\\/?page_id=867#primaryimage\",\"url\":\"https:\\\/\\\/www.basketsavonlinna.fi\\\/wp-content\\\/uploads\\\/2021\\\/12\\\/Raita10.jpg\",\"contentUrl\":\"https:\\\/\\\/www.basketsavonlinna.fi\\\/wp-content\\\/uploads\\\/2021\\\/12\\\/Raita10.jpg\",\"width\":1342,\"height\":10,\"caption\":\"raita10pix\"},{\"@type\":\"BreadcrumbList\",\"@id\":\"https:\\\/\\\/www.basketsavonlinna.fi\\\/?page_id=867#breadcrumb\",\"itemListElement\":[{\"@type\":\"ListItem\",\"position\":1,\"name\":\"Etusivu\",\"item\":\"https:\\\/\\\/www.basketsavonlinna.fi\\\/\"},{\"@type\":\"ListItem\",\"position\":2,\"name\":\"Harrastekoris\"}]},{\"@type\":\"WebSite\",\"@id\":\"https:\\\/\\\/www.basketsavonlinna.fi\\\/#website\",\"url\":\"https:\\\/\\\/www.basketsavonlinna.fi\\\/\",\"name\":\"Basket Savonlinna\",\"description\":\"Koripalloseura Basket Savonlinna Ry\",\"publisher\":{\"@id\":\"https:\\\/\\\/www.basketsavonlinna.fi\\\/#organization\"},\"potentialAction\":[{\"@type\":\"SearchAction\",\"target\":{\"@type\":\"EntryPoint\",\"urlTemplate\":\"https:\\\/\\\/www.basketsavonlinna.fi\\\/?s={search_term_string}\"},\"query-input\":{\"@type\":\"PropertyValueSpecification\",\"valueRequired\":true,\"valueName\":\"search_term_string\"}}],\"inLanguage\":\"fi\"},{\"@type\":\"Organization\",\"@id\":\"https:\\\/\\\/www.basketsavonlinna.fi\\\/#organization\",\"name\":\"Basket Savonlinna Ry\",\"url\":\"https:\\\/\\\/www.basketsavonlinna.fi\\\/\",\"logo\":{\"@type\":\"ImageObject\",\"inLanguage\":\"fi\",\"@id\":\"https:\\\/\\\/www.basketsavonlinna.fi\\\/#\\\/schema\\\/logo\\\/image\\\/\",\"url\":\"https:\\\/\\\/www.basketsavonlinna.fi\\\/wp-content\\\/uploads\\\/2021\\\/12\\\/BSL200.jpg\",\"contentUrl\":\"https:\\\/\\\/www.basketsavonlinna.fi\\\/wp-content\\\/uploads\\\/2021\\\/12\\\/BSL200.jpg\",\"width\":200,\"height\":69,\"caption\":\"Basket Savonlinna Ry\"},\"image\":{\"@id\":\"https:\\\/\\\/www.basketsavonlinna.fi\\\/#\\\/schema\\\/logo\\\/image\\\/\"},\"sameAs\":[\"https:\\\/\\\/www.facebook.com\\\/BasketSavonlinna\"]}]}<\/script>\n<!-- \/ Yoast SEO plugin. -->","yoast_head_json":{"title":"Harrastekoris - Basket Savonlinna","robots":{"index":"index","follow":"follow","max-snippet":"max-snippet:-1","max-image-preview":"max-image-preview:large","max-video-preview":"max-video-preview:-1"},"canonical":"https:\/\/www.basketsavonlinna.fi\/?page_id=867","og_locale":"fi_FI","og_type":"article","og_title":"Harrastekoris - Basket Savonlinna","og_description":"Harrastekoris aiemmin pelanneille Tervetuloa mukaan harrastekorisvuorolle! Basket tarjoaa mahdollisuuden koriksen pelaamiseen omalla harrastevuorolla. Vuorolle ovat tervetulleita korista jo jonkin verran pelanneet i\u00e4st\u00e4, painosta ja sukupuolesta riippumatta. Salivuorokulun kattamiseksi perit\u00e4\u00e4n kolmen euron maksu \/ pelaaja \/ vuoro. Vuorolla saat maksuohjeet ja kokeilemaan voit tulla ilmaiseksi. Syksyn 2025 vuorot alkavat 21.8. Harrastekoris (aiemmin pelanneet)Talvisalon kouluMuurarinkatu 4 torstaisin [&hellip;]","og_url":"https:\/\/www.basketsavonlinna.fi\/?page_id=867","og_site_name":"Basket Savonlinna","article_publisher":"https:\/\/www.facebook.com\/BasketSavonlinna","article_modified_time":"2025-08-06T10:03:18+00:00","og_image":[{"width":1342,"height":10,"url":"https:\/\/www.basketsavonlinna.fi\/wp-content\/uploads\/2021\/12\/Raita10.jpg","type":"image\/jpeg"}],"twitter_card":"summary_large_image","twitter_misc":{"Arvioitu lukuaika":"1 minuutti"},"schema":{"@context":"https:\/\/schema.org","@graph":[{"@type":"WebPage","@id":"https:\/\/www.basketsavonlinna.fi\/?page_id=867","url":"https:\/\/www.basketsavonlinna.fi\/?page_id=867","name":"Harrastekoris - Basket Savonlinna","isPartOf":{"@id":"https:\/\/www.basketsavonlinna.fi\/#website"},"primaryImageOfPage":{"@id":"https:\/\/www.basketsavonlinna.fi\/?page_id=867#primaryimage"},"image":{"@id":"https:\/\/www.basketsavonlinna.fi\/?page_id=867#primaryimage"},"thumbnailUrl":"https:\/\/www.basketsavonlinna.fi\/wp-content\/uploads\/2021\/12\/Raita10.jpg","datePublished":"2021-12-05T15:07:29+00:00","dateModified":"2025-08-06T10:03:18+00:00","breadcrumb":{"@id":"https:\/\/www.basketsavonlinna.fi\/?page_id=867#breadcrumb"},"inLanguage":"fi","potentialAction":[{"@type":"ReadAction","target":["https:\/\/www.basketsavonlinna.fi\/?page_id=867"]}]},{"@type":"ImageObject","inLanguage":"fi","@id":"https:\/\/www.basketsavonlinna.fi\/?page_id=867#primaryimage","url":"https:\/\/www.basketsavonlinna.fi\/wp-content\/uploads\/2021\/12\/Raita10.jpg","contentUrl":"https:\/\/www.basketsavonlinna.fi\/wp-content\/uploads\/2021\/12\/Raita10.jpg","width":1342,"height":10,"caption":"raita10pix"},{"@type":"BreadcrumbList","@id":"https:\/\/www.basketsavonlinna.fi\/?page_id=867#breadcrumb","itemListElement":[{"@type":"ListItem","position":1,"name":"Etusivu","item":"https:\/\/www.basketsavonlinna.fi\/"},{"@type":"ListItem","position":2,"name":"Harrastekoris"}]},{"@type":"WebSite","@id":"https:\/\/www.basketsavonlinna.fi\/#website","url":"https:\/\/www.basketsavonlinna.fi\/","name":"Basket Savonlinna","description":"Koripalloseura Basket Savonlinna Ry","publisher":{"@id":"https:\/\/www.basketsavonlinna.fi\/#organization"},"potentialAction":[{"@type":"SearchAction","target":{"@type":"EntryPoint","urlTemplate":"https:\/\/www.basketsavonlinna.fi\/?s={search_term_string}"},"query-input":{"@type":"PropertyValueSpecification","valueRequired":true,"valueName":"search_term_string"}}],"inLanguage":"fi"},{"@type":"Organization","@id":"https:\/\/www.basketsavonlinna.fi\/#organization","name":"Basket Savonlinna Ry","url":"https:\/\/www.basketsavonlinna.fi\/","logo":{"@type":"ImageObject","inLanguage":"fi","@id":"https:\/\/www.basketsavonlinna.fi\/#\/schema\/logo\/image\/","url":"https:\/\/www.basketsavonlinna.fi\/wp-content\/uploads\/2021\/12\/BSL200.jpg","contentUrl":"https:\/\/www.basketsavonlinna.fi\/wp-content\/uploads\/2021\/12\/BSL200.jpg","width":200,"height":69,"caption":"Basket Savonlinna Ry"},"image":{"@id":"https:\/\/www.basketsavonlinna.fi\/#\/schema\/logo\/image\/"},"sameAs":["https:\/\/www.facebook.com\/BasketSavonlinna"]}]}},"_links":{"self":[{"href":"https:\/\/www.basketsavonlinna.fi\/index.php?rest_route=\/wp\/v2\/pages\/867","targetHints":{"allow":["GET"]}}],"collection":[{"href":"https:\/\/www.basketsavonlinna.fi\/index.php?rest_route=\/wp\/v2\/pages"}],"about":[{"href":"https:\/\/www.basketsavonlinna.fi\/index.php?rest_route=\/wp\/v2\/types\/page"}],"author":[{"embeddable":true,"href":"https:\/\/www.basketsavonlinna.fi\/index.php?rest_route=\/wp\/v2\/users\/1"}],"replies":[{"embeddable":true,"href":"https:\/\/www.basketsavonlinna.fi\/index.php?rest_route=%2Fwp%2Fv2%2Fcomments&post=867"}],"version-history":[{"count":40,"href":"https:\/\/www.basketsavonlinna.fi\/index.php?rest_route=\/wp\/v2\/pages\/867\/revisions"}],"predecessor-version":[{"id":2116,"href":"https:\/\/www.basketsavonlinna.fi\/index.php?rest_route=\/wp\/v2\/pages\/867\/revisions\/2116"}],"wp:attachment":[{"href":"https:\/\/www.basketsavonlinna.fi\/index.php?rest_route=%2Fwp%2Fv2%2Fmedia&parent=867"}],"curies":[{"name":"wp","href":"https:\/\/api.w.org\/{rel}","templated":true}]}}