{"id":22,"date":"2018-02-06T10:42:12","date_gmt":"2018-02-06T10:42:12","guid":{"rendered":"https:\/\/www.basketsavonlinna.fi\/?page_id=22"},"modified":"2023-01-27T09:22:13","modified_gmt":"2023-01-27T09:22:13","slug":"seura","status":"publish","type":"page","link":"https:\/\/www.basketsavonlinna.fi\/?page_id=22","title":{"rendered":"Seura"},"content":{"rendered":"\t\t<div data-elementor-type=\"wp-post\" data-elementor-id=\"22\" class=\"elementor elementor-22\">\n\t\t\t\t\t\t<section class=\"elementor-section elementor-top-section elementor-element elementor-element-7314e47 elementor-section-content-bottom elementor-section-boxed elementor-section-height-default elementor-section-height-default\" data-id=\"7314e47\" data-element_type=\"section\" data-e-type=\"section\" data-settings=\"{&quot;background_background&quot;:&quot;classic&quot;}\">\n\t\t\t\t\t\t\t<div class=\"elementor-background-overlay\"><\/div>\n\t\t\t\t\t\t\t<div class=\"elementor-container elementor-column-gap-extended\">\n\t\t\t\t\t<div class=\"elementor-column elementor-col-100 elementor-top-column elementor-element elementor-element-4dd9d08\" data-id=\"4dd9d08\" data-element_type=\"column\" data-e-type=\"column\">\n\t\t\t<div class=\"elementor-widget-wrap elementor-element-populated\">\n\t\t\t\t\t\t\t<\/div>\n\t\t<\/div>\n\t\t\t\t\t<\/div>\n\t\t<\/section>\n\t\t\t\t<section class=\"elementor-section elementor-top-section elementor-element elementor-element-4eb72ed elementor-section-content-middle elementor-section-boxed elementor-section-height-default elementor-section-height-default\" data-id=\"4eb72ed\" data-element_type=\"section\" data-e-type=\"section\">\n\t\t\t\t\t\t<div class=\"elementor-container elementor-column-gap-extended\">\n\t\t\t\t\t<div class=\"elementor-column elementor-col-100 elementor-top-column elementor-element elementor-element-a5ec633\" data-id=\"a5ec633\" data-element_type=\"column\" data-e-type=\"column\">\n\t\t\t<div class=\"elementor-widget-wrap elementor-element-populated\">\n\t\t\t\t\t\t<div class=\"elementor-element elementor-element-f450392 elementor-widget elementor-widget-heading\" data-id=\"f450392\" data-element_type=\"widget\" data-e-type=\"widget\" data-widget_type=\"heading.default\">\n\t\t\t\t<div class=\"elementor-widget-container\">\n\t\t\t\t\t<h2 class=\"elementor-heading-title elementor-size-default\">Seura<\/h2>\t\t\t\t<\/div>\n\t\t\t\t<\/div>\n\t\t\t\t<div class=\"elementor-element elementor-element-d5b1e0e elementor-widget elementor-widget-text-editor\" data-id=\"d5b1e0e\" data-element_type=\"widget\" data-e-type=\"widget\" data-widget_type=\"text-editor.default\">\n\t\t\t\t<div class=\"elementor-widget-container\">\n\t\t\t\t\t\t\t\t\t<p><strong>Yleisesittely<\/strong><br \/>Basket Savonlinna r.y. (lyhenne Basket SL tai BSL) perustettiin toukokuussa 1972 jatkamaan Savonlinnan Nmky:n koripallojaoston 10 vuotta kest\u00e4nytt\u00e4 toimintaa. Seuran ensimm\u00e4isen puheenjohtajan, silloisen Savonlinnan kaupungin liikuntasihteerin Jorma Lankisen ohjenuorana oli juniority\u00f6. Ja ohjetta on noudatettu edelleen.<\/p>\t\t\t\t\t\t\t\t<\/div>\n\t\t\t\t<\/div>\n\t\t\t\t<section class=\"elementor-section elementor-inner-section elementor-element elementor-element-e154ff3 elementor-section-content-top elementor-section-boxed elementor-section-height-default elementor-section-height-default\" data-id=\"e154ff3\" data-element_type=\"section\" data-e-type=\"section\">\n\t\t\t\t\t\t<div class=\"elementor-container elementor-column-gap-no\">\n\t\t\t\t\t<div class=\"elementor-column elementor-col-50 elementor-inner-column elementor-element elementor-element-609627a\" data-id=\"609627a\" data-element_type=\"column\" data-e-type=\"column\">\n\t\t\t<div class=\"elementor-widget-wrap elementor-element-populated\">\n\t\t\t\t\t\t<div class=\"elementor-element elementor-element-1e62267f elementor-widget elementor-widget-text-editor\" data-id=\"1e62267f\" data-element_type=\"widget\" data-e-type=\"widget\" data-widget_type=\"text-editor.default\">\n\t\t\t\t<div class=\"elementor-widget-container\">\n\t\t\t\t\t\t\t\t\t<p><strong>Toiminnan painopistealueena on junioritoiminta.<\/strong><\/p><p>Juniorien vanhempien ja seuran v\u00e4list\u00e4 kanssak\u00e4ymist\u00e4 on tehostettu. Tavoite junioritoiminnassa on, ett\u00e4 jokaisessa ik\u00e4luokassa on laadukkaasti hoidettu ryhm\u00e4, jolla on kaksi valmentajaa ja joukkueenjohtaja.<\/p><p>Junioritoiminnassa korostetaan monipuolisuutta ja junioreilla on mahdollisuus harrastaa muitakin lajeja. Pienempien junioreiden pelitoiminnassa ei aseteta kilpailullisia menestymistavoitteita. Kaikille halukkaille annetaan<br \/>mahdollisuus pelaamiseen.<\/p><p>\u00a0<\/p>\t\t\t\t\t\t\t\t<\/div>\n\t\t\t\t<\/div>\n\t\t\t\t\t<\/div>\n\t\t<\/div>\n\t\t\t\t<div class=\"elementor-column elementor-col-50 elementor-inner-column elementor-element elementor-element-993c614\" data-id=\"993c614\" data-element_type=\"column\" data-e-type=\"column\">\n\t\t\t<div class=\"elementor-widget-wrap elementor-element-populated\">\n\t\t\t\t\t\t<div class=\"elementor-element elementor-element-c721590 elementor-widget elementor-widget-text-editor\" data-id=\"c721590\" data-element_type=\"widget\" data-e-type=\"widget\" data-widget_type=\"text-editor.default\">\n\t\t\t\t<div class=\"elementor-widget-container\">\n\t\t\t\t\t\t\t\t\t<p>Edustusjoukkueiden toimintaa kehitet\u00e4\u00e4n niin, ett\u00e4 junioreille, joilla koripallossa on kilpailullisia tavoitteita, taataan laadukas valmennus. Lukioik\u00e4isill\u00e4 on mahdollisuus ottaa koripallo opiskeluohjelmaansa Savonlinnan Lyseon kilpaurheilun koulutusohjelmassa.<\/p>\t\t\t\t\t\t\t\t<\/div>\n\t\t\t\t<\/div>\n\t\t\t\t\t<\/div>\n\t\t<\/div>\n\t\t\t\t\t<\/div>\n\t\t<\/section>\n\t\t\t\t\t<\/div>\n\t\t<\/div>\n\t\t\t\t\t<\/div>\n\t\t<\/section>\n\t\t\t\t<\/div>\n\t\t","protected":false},"excerpt":{"rendered":"<p>Seura YleisesittelyBasket Savonlinna r.y. (lyhenne Basket SL tai BSL) perustettiin toukokuussa 1972 jatkamaan Savonlinnan Nmky:n koripallojaoston 10 vuotta kest\u00e4nytt\u00e4 toimintaa. Seuran ensimm\u00e4isen puheenjohtajan, silloisen Savonlinnan kaupungin liikuntasihteerin Jorma Lankisen ohjenuorana oli juniority\u00f6. Ja ohjetta on noudatettu edelleen. Toiminnan painopistealueena on junioritoiminta. Juniorien vanhempien ja seuran v\u00e4list\u00e4 kanssak\u00e4ymist\u00e4 on tehostettu. Tavoite junioritoiminnassa on, ett\u00e4 jokaisessa ik\u00e4luokassa [&hellip;]<\/p>\n","protected":false},"author":1,"featured_media":0,"parent":0,"menu_order":0,"comment_status":"closed","ping_status":"closed","template":"","meta":{"site-sidebar-layout":"no-sidebar","site-content-layout":"page-builder","ast-site-content-layout":"default","site-content-style":"default","site-sidebar-style":"default","ast-global-header-display":"","ast-banner-title-visibility":"","ast-main-header-display":"","ast-hfb-above-header-display":"","ast-hfb-below-header-display":"","ast-hfb-mobile-header-display":"","site-post-title":"disabled","ast-breadcrumbs-content":"","ast-featured-img":"disabled","footer-sml-layout":"","ast-disable-related-posts":"","theme-transparent-header-meta":"","adv-header-id-meta":"","stick-header-meta":"","header-above-stick-meta":"","header-main-stick-meta":"","header-below-stick-meta":"","astra-migrate-meta-layouts":"default","ast-page-background-enabled":"default","ast-page-background-meta":{"desktop":{"background-color":"","background-image":"","background-repeat":"repeat","background-position":"center center","background-size":"auto","background-attachment":"scroll","background-type":"","background-media":"","overlay-type":"","overlay-color":"","overlay-opacity":"","overlay-gradient":""},"tablet":{"background-color":"","background-image":"","background-repeat":"repeat","background-position":"center center","background-size":"auto","background-attachment":"scroll","background-type":"","background-media":"","overlay-type":"","overlay-color":"","overlay-opacity":"","overlay-gradient":""},"mobile":{"background-color":"","background-image":"","background-repeat":"repeat","background-position":"center center","background-size":"auto","background-attachment":"scroll","background-type":"","background-media":"","overlay-type":"","overlay-color":"","overlay-opacity":"","overlay-gradient":""}},"ast-content-background-meta":{"desktop":{"background-color":"var(--ast-global-color-5)","background-image":"","background-repeat":"repeat","background-position":"center center","background-size":"auto","background-attachment":"scroll","background-type":"","background-media":"","overlay-type":"","overlay-color":"","overlay-opacity":"","overlay-gradient":""},"tablet":{"background-color":"var(--ast-global-color-5)","background-image":"","background-repeat":"repeat","background-position":"center center","background-size":"auto","background-attachment":"scroll","background-type":"","background-media":"","overlay-type":"","overlay-color":"","overlay-opacity":"","overlay-gradient":""},"mobile":{"background-color":"var(--ast-global-color-5)","background-image":"","background-repeat":"repeat","background-position":"center center","background-size":"auto","background-attachment":"scroll","background-type":"","background-media":"","overlay-type":"","overlay-color":"","overlay-opacity":"","overlay-gradient":""}},"footnotes":""},"class_list":["post-22","page","type-page","status-publish","hentry"],"yoast_head":"<!-- This site is optimized with the Yoast SEO plugin v27.5 - https:\/\/yoast.com\/product\/yoast-seo-wordpress\/ -->\n<title>Seura - Basket Savonlinna<\/title>\n<meta name=\"robots\" content=\"index, follow, max-snippet:-1, max-image-preview:large, max-video-preview:-1\" \/>\n<link rel=\"canonical\" href=\"https:\/\/www.basketsavonlinna.fi\/?page_id=22\" \/>\n<meta property=\"og:locale\" content=\"fi_FI\" \/>\n<meta property=\"og:type\" content=\"article\" \/>\n<meta property=\"og:title\" content=\"Seura - Basket Savonlinna\" \/>\n<meta property=\"og:description\" content=\"Seura YleisesittelyBasket Savonlinna r.y. (lyhenne Basket SL tai BSL) perustettiin toukokuussa 1972 jatkamaan Savonlinnan Nmky:n koripallojaoston 10 vuotta kest\u00e4nytt\u00e4 toimintaa. Seuran ensimm\u00e4isen puheenjohtajan, silloisen Savonlinnan kaupungin liikuntasihteerin Jorma Lankisen ohjenuorana oli juniority\u00f6. Ja ohjetta on noudatettu edelleen. Toiminnan painopistealueena on junioritoiminta. Juniorien vanhempien ja seuran v\u00e4list\u00e4 kanssak\u00e4ymist\u00e4 on tehostettu. Tavoite junioritoiminnassa on, ett\u00e4 jokaisessa ik\u00e4luokassa [&hellip;]\" \/>\n<meta property=\"og:url\" content=\"https:\/\/www.basketsavonlinna.fi\/?page_id=22\" \/>\n<meta property=\"og:site_name\" content=\"Basket Savonlinna\" \/>\n<meta property=\"article:publisher\" content=\"https:\/\/www.facebook.com\/BasketSavonlinna\" \/>\n<meta property=\"article:modified_time\" content=\"2023-01-27T09:22:13+00:00\" \/>\n<meta name=\"twitter:card\" content=\"summary_large_image\" \/>\n<meta name=\"twitter:label1\" content=\"Arvioitu lukuaika\" \/>\n\t<meta name=\"twitter:data1\" content=\"1 minuutti\" \/>\n<script type=\"application\/ld+json\" class=\"yoast-schema-graph\">{\"@context\":\"https:\\\/\\\/schema.org\",\"@graph\":[{\"@type\":\"WebPage\",\"@id\":\"https:\\\/\\\/www.basketsavonlinna.fi\\\/?page_id=22\",\"url\":\"https:\\\/\\\/www.basketsavonlinna.fi\\\/?page_id=22\",\"name\":\"Seura - Basket Savonlinna\",\"isPartOf\":{\"@id\":\"https:\\\/\\\/www.basketsavonlinna.fi\\\/#website\"},\"datePublished\":\"2018-02-06T10:42:12+00:00\",\"dateModified\":\"2023-01-27T09:22:13+00:00\",\"breadcrumb\":{\"@id\":\"https:\\\/\\\/www.basketsavonlinna.fi\\\/?page_id=22#breadcrumb\"},\"inLanguage\":\"fi\",\"potentialAction\":[{\"@type\":\"ReadAction\",\"target\":[\"https:\\\/\\\/www.basketsavonlinna.fi\\\/?page_id=22\"]}]},{\"@type\":\"BreadcrumbList\",\"@id\":\"https:\\\/\\\/www.basketsavonlinna.fi\\\/?page_id=22#breadcrumb\",\"itemListElement\":[{\"@type\":\"ListItem\",\"position\":1,\"name\":\"Etusivu\",\"item\":\"https:\\\/\\\/www.basketsavonlinna.fi\\\/\"},{\"@type\":\"ListItem\",\"position\":2,\"name\":\"Seura\"}]},{\"@type\":\"WebSite\",\"@id\":\"https:\\\/\\\/www.basketsavonlinna.fi\\\/#website\",\"url\":\"https:\\\/\\\/www.basketsavonlinna.fi\\\/\",\"name\":\"Basket Savonlinna\",\"description\":\"Koripalloseura Basket Savonlinna Ry\",\"publisher\":{\"@id\":\"https:\\\/\\\/www.basketsavonlinna.fi\\\/#organization\"},\"potentialAction\":[{\"@type\":\"SearchAction\",\"target\":{\"@type\":\"EntryPoint\",\"urlTemplate\":\"https:\\\/\\\/www.basketsavonlinna.fi\\\/?s={search_term_string}\"},\"query-input\":{\"@type\":\"PropertyValueSpecification\",\"valueRequired\":true,\"valueName\":\"search_term_string\"}}],\"inLanguage\":\"fi\"},{\"@type\":\"Organization\",\"@id\":\"https:\\\/\\\/www.basketsavonlinna.fi\\\/#organization\",\"name\":\"Basket Savonlinna Ry\",\"url\":\"https:\\\/\\\/www.basketsavonlinna.fi\\\/\",\"logo\":{\"@type\":\"ImageObject\",\"inLanguage\":\"fi\",\"@id\":\"https:\\\/\\\/www.basketsavonlinna.fi\\\/#\\\/schema\\\/logo\\\/image\\\/\",\"url\":\"https:\\\/\\\/www.basketsavonlinna.fi\\\/wp-content\\\/uploads\\\/2021\\\/12\\\/BSL200.jpg\",\"contentUrl\":\"https:\\\/\\\/www.basketsavonlinna.fi\\\/wp-content\\\/uploads\\\/2021\\\/12\\\/BSL200.jpg\",\"width\":200,\"height\":69,\"caption\":\"Basket Savonlinna Ry\"},\"image\":{\"@id\":\"https:\\\/\\\/www.basketsavonlinna.fi\\\/#\\\/schema\\\/logo\\\/image\\\/\"},\"sameAs\":[\"https:\\\/\\\/www.facebook.com\\\/BasketSavonlinna\"]}]}<\/script>\n<!-- \/ Yoast SEO plugin. -->","yoast_head_json":{"title":"Seura - Basket Savonlinna","robots":{"index":"index","follow":"follow","max-snippet":"max-snippet:-1","max-image-preview":"max-image-preview:large","max-video-preview":"max-video-preview:-1"},"canonical":"https:\/\/www.basketsavonlinna.fi\/?page_id=22","og_locale":"fi_FI","og_type":"article","og_title":"Seura - Basket Savonlinna","og_description":"Seura YleisesittelyBasket Savonlinna r.y. (lyhenne Basket SL tai BSL) perustettiin toukokuussa 1972 jatkamaan Savonlinnan Nmky:n koripallojaoston 10 vuotta kest\u00e4nytt\u00e4 toimintaa. Seuran ensimm\u00e4isen puheenjohtajan, silloisen Savonlinnan kaupungin liikuntasihteerin Jorma Lankisen ohjenuorana oli juniority\u00f6. Ja ohjetta on noudatettu edelleen. Toiminnan painopistealueena on junioritoiminta. Juniorien vanhempien ja seuran v\u00e4list\u00e4 kanssak\u00e4ymist\u00e4 on tehostettu. Tavoite junioritoiminnassa on, ett\u00e4 jokaisessa ik\u00e4luokassa [&hellip;]","og_url":"https:\/\/www.basketsavonlinna.fi\/?page_id=22","og_site_name":"Basket Savonlinna","article_publisher":"https:\/\/www.facebook.com\/BasketSavonlinna","article_modified_time":"2023-01-27T09:22:13+00:00","twitter_card":"summary_large_image","twitter_misc":{"Arvioitu lukuaika":"1 minuutti"},"schema":{"@context":"https:\/\/schema.org","@graph":[{"@type":"WebPage","@id":"https:\/\/www.basketsavonlinna.fi\/?page_id=22","url":"https:\/\/www.basketsavonlinna.fi\/?page_id=22","name":"Seura - Basket Savonlinna","isPartOf":{"@id":"https:\/\/www.basketsavonlinna.fi\/#website"},"datePublished":"2018-02-06T10:42:12+00:00","dateModified":"2023-01-27T09:22:13+00:00","breadcrumb":{"@id":"https:\/\/www.basketsavonlinna.fi\/?page_id=22#breadcrumb"},"inLanguage":"fi","potentialAction":[{"@type":"ReadAction","target":["https:\/\/www.basketsavonlinna.fi\/?page_id=22"]}]},{"@type":"BreadcrumbList","@id":"https:\/\/www.basketsavonlinna.fi\/?page_id=22#breadcrumb","itemListElement":[{"@type":"ListItem","position":1,"name":"Etusivu","item":"https:\/\/www.basketsavonlinna.fi\/"},{"@type":"ListItem","position":2,"name":"Seura"}]},{"@type":"WebSite","@id":"https:\/\/www.basketsavonlinna.fi\/#website","url":"https:\/\/www.basketsavonlinna.fi\/","name":"Basket Savonlinna","description":"Koripalloseura Basket Savonlinna Ry","publisher":{"@id":"https:\/\/www.basketsavonlinna.fi\/#organization"},"potentialAction":[{"@type":"SearchAction","target":{"@type":"EntryPoint","urlTemplate":"https:\/\/www.basketsavonlinna.fi\/?s={search_term_string}"},"query-input":{"@type":"PropertyValueSpecification","valueRequired":true,"valueName":"search_term_string"}}],"inLanguage":"fi"},{"@type":"Organization","@id":"https:\/\/www.basketsavonlinna.fi\/#organization","name":"Basket Savonlinna Ry","url":"https:\/\/www.basketsavonlinna.fi\/","logo":{"@type":"ImageObject","inLanguage":"fi","@id":"https:\/\/www.basketsavonlinna.fi\/#\/schema\/logo\/image\/","url":"https:\/\/www.basketsavonlinna.fi\/wp-content\/uploads\/2021\/12\/BSL200.jpg","contentUrl":"https:\/\/www.basketsavonlinna.fi\/wp-content\/uploads\/2021\/12\/BSL200.jpg","width":200,"height":69,"caption":"Basket Savonlinna Ry"},"image":{"@id":"https:\/\/www.basketsavonlinna.fi\/#\/schema\/logo\/image\/"},"sameAs":["https:\/\/www.facebook.com\/BasketSavonlinna"]}]}},"_links":{"self":[{"href":"https:\/\/www.basketsavonlinna.fi\/index.php?rest_route=\/wp\/v2\/pages\/22","targetHints":{"allow":["GET"]}}],"collection":[{"href":"https:\/\/www.basketsavonlinna.fi\/index.php?rest_route=\/wp\/v2\/pages"}],"about":[{"href":"https:\/\/www.basketsavonlinna.fi\/index.php?rest_route=\/wp\/v2\/types\/page"}],"author":[{"embeddable":true,"href":"https:\/\/www.basketsavonlinna.fi\/index.php?rest_route=\/wp\/v2\/users\/1"}],"replies":[{"embeddable":true,"href":"https:\/\/www.basketsavonlinna.fi\/index.php?rest_route=%2Fwp%2Fv2%2Fcomments&post=22"}],"version-history":[{"count":48,"href":"https:\/\/www.basketsavonlinna.fi\/index.php?rest_route=\/wp\/v2\/pages\/22\/revisions"}],"predecessor-version":[{"id":1798,"href":"https:\/\/www.basketsavonlinna.fi\/index.php?rest_route=\/wp\/v2\/pages\/22\/revisions\/1798"}],"wp:attachment":[{"href":"https:\/\/www.basketsavonlinna.fi\/index.php?rest_route=%2Fwp%2Fv2%2Fmedia&parent=22"}],"curies":[{"name":"wp","href":"https:\/\/api.w.org\/{rel}","templated":true}]}}